 of v and 752?
94
Let z = 75 + -73. Suppose 4*r - 416 = z*u, 2*r + 8*u - 224 = 5*u. Suppose -4*q = -234 - r. What is the greatest common divisor of 17 and q?
17
Let w be (-18)/(-2) - (-1092 + 12). What is the highest common divisor of 297 and w?
99
Suppose 166*p - 3780 = 82*p. What is the greatest common factor of p and 1035?
45
Suppose 25*y - 202741 = 175384. Calculate the greatest common divisor of 11 and y.
11
Suppose 0 = -541*s + 607*s + 34 - 760. Suppose -114 = 2*l - l. Let t = -70 - l. Calculate the greatest common divisor of s and t.
11
Let m(z) = -4*z - 5. Let v be m(-5). Suppose -v*y = 884 + 901. Let r = -93 - y. What is the greatest common divisor of 91 and r?
13
Suppose -5*o + 48 = m, -141*m + 100 = -137*m - 3*o. What is the greatest common divisor of m and 4102?
14
Let y = -36 + 90. Suppose -677 = -5*o + w, -2*o = -3*w - 146 - 130. What is the highest common factor of o and y?
27
Let a = -16 + 228. Suppose a + 223 = 29*x. Calculate the highest common factor of 85 and x.
5
Let g = 566 + -544. Let w(a) = 2*a**2 - 43*a - 3. Let n be w(g). Calculate the highest common factor of n and 1349.
19
Let s = -594 - -645. What is the greatest common divisor of 1887 and s?
51
Let d(l) = -15*l - 12. Let z be d(-4). Let g(t) = t**2 - 22*t - 143. Let o be g(29). What is the highest common divisor of o and z?
12
Suppose -v = 5*s - 3288, -7*v = -5*v - 5*s - 6606. Calculate the highest common factor of 68 and v.
34
Let w(g) = g**3 + 8*g**2 - 23*g - 13. Let a be w(-7). Let k be (-1 + 3)*(1 - -1). Suppose -27 = -k*r + a. Calculate the highest common factor of r and 14.
14
Let k = 87 + 184. Suppose -k = -2*m + d, 6*m + 251 = 8*m - 5*d. What is the greatest common factor of 6 and m?
6
Suppose -11*q + 62 = -213. Suppose -5*a = -87 - 138. Calculate the greatest common divisor of q and a.
5
Let o = 377 + -367. Suppose 5*w - o*w - 3*j + 138 = 0, 5*w - 132 = 3*j. Calculate the greatest common factor of w and 108.
27
Suppose 0 = 5*v + 30, -3*q + 297 = -2846*v + 2842*v. Suppose -2*p + 208 = -p. What is the greatest common factor of p and q?
13
Suppose 3*k = k + 5*p + 40, 5*p - 20 = 0. Let i(l) = 7*l**2 - 16*l - 21. Let q be i(-3). What is the highest common factor of k and q?
30
Let v(c) = c**3 - 8*c**2 - 9*c + 4. Let a be v(9). Suppose -a*m = -9*m. Suppose 10*w - 7*w - 216 = m. Calculate the greatest common divisor of w and 24.
24
Let j be 8 - (25 - 1)/4. Suppose 0 = p - u - 50, j*u + 119 = 5*p - 125. Calculate the greatest common factor of p and 16.
16
Suppose 340 = 6*y - 3*y + 4*i, 5*i = 5*y - 625. Let o = 101 - 88. Suppose 2*m = o*m - 264. Calculate the highest common factor of m and y.
24
Suppose -y - 39 = -4*y. Let t(i) = -11*i - 10. Let m be t(6). Let k be 1 + m*(-5)/10. Calculate the highest common factor of y and k.
13
Let v be (-3 - (-27)/6)*124/(-6). Let m = 61 + v. Let b be 1/((-2)/(-5) + 18/m). Calculate the highest common factor of b and 7.
1
Suppose 0 = 3*z - 9, 3*f + 3*z - 7 - 74 = 0. Calculate the greatest common divisor of 4512 and f.
24
Let y = 3746 + -3741. What is the greatest common factor of y and 65?
5
Let x(u) = 14*u**2 + 55*u - 424. Let n be x(6). What is the highest common divisor of 328 and n?
82
Let x(k) = 7*k - 28. Let y be x(-3). Let u be ((-28)/y)/((-4)/14) - -5. Let g = 7 + -4. What is the greatest common divisor of g and u?
3
Let b(g) = 16*g**2 - 45*g + 94. Let a be b(2). What is the highest common divisor of 20876 and a?
68
Let r = 22 - 2. Let j(s) = 25*s - 48*s - 20 + r*s. Let i be j(-10). Calculate the highest common factor of 2 and i.
2
Let l = 1003 - 266. Suppose -l = -5*f + 363. Suppose r + 3*k - 5 = 0, -4*k + 40 = 3*r - 0*r. What is the highest common factor of f and r?
20
Let c be 9/((-1185)/(-150) - 7). Let m = 9 + -6. Suppose -w - 3*q + m = -22, -2*w - q = -75. What is the greatest common factor of c and w?
10
Suppose 2*x = -4*g + 36, -5*g + 20*x - 18*x = -36. What is the greatest common divisor of g and 198?
2
Suppose 2*f - 3954 = 5*s - 327, 1 = s. Calculate the greatest common factor of f and 8.
8
Suppose -2*n - n = -15. Suppose -n*y - 124 = -574. Suppose -3*p - 3*p = -y. Calculate the highest common divisor of p and 10.
5
Suppose 0 = 3*r + 3*u - 49818, -3*r - 40*u + 49804 = -44*u. What is the highest common divisor of r and 28?
28
Suppose -53*y + 37674 = -7*y. Calculate the greatest common divisor of 63 and y.
63
Let a(v) = 2*v**2 - 2*v - 16. Suppose 3*o - 52 = -73. Let p be a(o). What is the greatest common divisor of 264 and p?
24
Let l(u) = -2*u - 16. Let w(a) = 7*a + 53. Let o be w(-10). Let h be l(o). What is the highest common factor of 2 and h?
2
Suppose -7 = -12*o + 5*o. Let k(y) = -50*y + 2. Let m be k(o). Let d = m + 55. What is the highest common factor of 7 and d?
7
Let f be (13/7 - 2) + 2068/(-28). Let h = f + 77. Let g(l) = -l**2 + 5*l + 9. Let r be g(h). Calculate the greatest common factor of 15 and r.
15
Let m(y) = y + 34. Let i be m(-10). Suppose 3*b - i = 84. Let u = 180 - 90. Calculate the greatest common factor of b and u.
18
Let d be (4402/93)/(4/114). Let j = -389 + d. What is the highest common divisor of j and 40?
40
Let q be (7771/(-95))/(3/(-15)). Let c = -380 + q. What is the highest common factor of 551 and c?
29
Suppose 0 = 147*b - 59*b - 1760. Let j(t) = t**3 - 3*t**2 + 2*t - 5*t - 5*t. Let w be j(7). Calculate the greatest common divisor of b and w.
20
Suppose -5*m - 2*r = -67, 4*m - r - 16 = 48. Suppose 70 + 275 = m*z. What is the greatest common factor of 138 and z?
23
Let l be (-17450976)/(-1665) - (-2 - (-31)/15). Calculate the greatest common divisor of 669 and l.
223
Suppose -690 = -13*q + 259. Calculate the greatest common factor of 16863 and q.
73
Let k(a) = 17*a - 77. Let p(s) = 8*s - 39. Let x(u) = 3*k(u) - 5*p(u). Let q be x(8). Calculate the highest common divisor of 91 and q.
13
Let k(q) = 17*q - 1945. Let y be k(119). Let u be (8/12)/(4/18). Let n be (52/5)/(u/15). Calculate the highest common divisor of y and n.
26
Suppose -6*g = -4*g - 6, -n = -g - 2. Suppose -1134 = -n*y - 9*y. What is the greatest common factor of y and 27?
27
Let c = 340 - 341. Let s be -5*5/(-75)*(16 + c). What is the greatest common divisor of s and 125?
5
Suppose 24*i = -6472 + 17272. What is the greatest common divisor of i and 100?
50
Let m be 28/(-6)*78/(-91). Suppose 3*s = m*d + 898, 2*d - 7*d = 4*s - 1249. What is the highest common divisor of 18 and s?
18
Let m(y) = y**3 + 12*y**2 - 7*y - 20. Let x be m(-9). Suppose -5*c - 107 = -3*q, 0 = 5*q - 3*c + 81 - x. What is the highest common divisor of q and 484?
44
Let d = 16 + -9. Let t(l) = 2*l**3 + 24*l**2 - 8*l - 9. Let y be t(-10). Suppose 470*f + 28 = y*f. What is the greatest common factor of f and d?
7
Let w be (24*(-8)/(-1056))/((-2)/(-66)). What is the highest common factor of 262 and w?
2
Let m(a) = 70*a**2 + 159*a + 14. Let y be m(-10). What is the highest common factor of y and 48?
48
Suppose 0 = -6*g + 4*g + 184. Let d = 94 - g. Suppose 3*v + 2*t = 5*t + 285, -d*t + 440 = 5*v. Calculate the greatest common divisor of 36 and v.
18
Let x(r) = 51*r**2 + 3*r + 1. Let d be x(-3). Suppose -7*j = 18*j - 1172 + 147. Calculate the highest common factor of d and j.
41
Let h be ((-5500)/11*(-75)/6)/(-2 - -4). What is the greatest common divisor of 1125 and h?
125
Let z = 17 - 5. Suppose 16 = -5*f + 1, 123 = v - 4*f. Let x = -108 + v. Calculate the greatest common factor of z and x.
3
Suppose 0 = 4*j + 2*w - 3250, 27*j - 23*j = w + 3235. What is the highest common factor of j and 360?
90
Let f be 36 - 2/2 - (-15)/(-3). Let l be (-33)/2*(-20)/f*5. Calculate the highest common factor of 5 and l.
5
Suppose 3*w + 117 = 5*z, 449 = 4*z - 4*w + 357. What is the highest common factor of z and 27000?
24
Suppose -62*a = -2*l - 65*a - 1362, 5*l = 2*a - 3367. Let p = -571 - l. What is the greatest common factor of p and 260?
52
Suppose 6*z + 2355 = z. Let d = -211 - z. What is the highest common factor of 40 and d?
20
Let p(k) = 5*k**2 - 10*k + 15. Let a = -216 + 220. Let c be p(a). Let h = -32 - -54. What is the greatest common divisor of c and h?
11
Let w = 406 + -401. Suppose -3*k = -w*k + 60. What is the highest common factor of 750 and k?
30
Let l(h) = 6*h**3 - 21*h**2 + 8*h - 6. Let y = -452 - -456. Let u be l(y). What is the greatest common fac